
Suppose h - 5465 + 79 = -4*n, -2*n + 3*h + 2686 = 0. Is n prime?
False
Let j = -237 + 157. Let f = -39 - j. Suppose b = f + 17. Is b prime?
False
Suppose 0 = -0*b - 7*b + 49. Suppose -b*q + 2*q = -2215. Is q prime?
True
Suppose -4*c = -r - 3*c + 2701, 3*r - 8098 = 4*c. Let a = r - 1805. Is a a prime number?
False
Let z(y) = -2 + 3 - 119*y - 1 + 2. Suppose 0 = 2*s + 10, 4*s = 5*r - s - 10. Is z(r) composite?
False
Let j(r) = 84*r**2 - 2*r + 8. Let p be j(7). Suppose -3*f + 4*i + 2472 = 9*i, -5*f = 5*i - p. Suppose 0 = 5*h + s - f, 5*h - 4*h - 179 = -4*s. Is h prime?
True
Let f(m) = -6*m + 4. Let w be f(1). Let d(r) = 54*r**2 + 2*r - 1. Is d(w) a composite number?
False
Suppose 0 = -12*j + 7 + 5. Is 187/j + (-1 - -5) a composite number?
False
Is (-43038)/(-6) + -4 + 5 + 3 composite?
False
Let w = 9609 + 17160. Is w composite?
True
Let h(g) = -g**3 + 3*g**2 + g - 4. Let n be 2 + -3 + (-8)/(-2). Let i be h(n). Is 1/i*-62 - -3 prime?
False
Let r(h) be the first derivative of 2*h**3 - 4*h**2 + 5*h + 6. Is r(-9) composite?
False
Let x = 10 + -5. Suppose -2*s + 11 + 24 = x*v, 5*v - 30 = -s. Suppose -1852 = -s*i + 2*w + w, -2*i = -5*w - 737. Is i a prime number?
False
Is 165543/27 - ((-25)/9 - -3) prime?
True
Suppose -9*v - 2692 + 9037 = 0. Let u = -286 + v. Is u prime?
True
Let w(t) = 11*t - 4. Let y be w(8). Suppose y = -4*o - 300. Let p = 295 + o. Is p prime?
True
Suppose 16 - 11 = -t, -4965 = -5*q - 5*t. Is q a prime number?
False
Let n(w) be the first derivative of -w**4/4 - 29*w**3/3 + 20*w**2 - 79*w + 26. Is n(-32) a composite number?
True
Let w(f) = 11*f**2 - 15*f - 73. Is w(-14) composite?
False
Suppose 2*n = -3*r + r + 16, -5*r + 8 = -3*n. Suppose 5*y + 2*o + r = 0, 6*o = 2*y + 3*o - 6. Suppose y = 2*d - 5*j - 17 - 61, 2*j = -4. Is d a prime number?
False
Suppose 3*r + 4*n - 104535 = 0, -5*r + 0*n = -4*n - 174193. Is r composite?
False
Let g(j) = 7*j**3 + 2*j**2 - 22*j + 42. Is g(10) a composite number?
True
Suppose 3*m = -4*s + 103, 4*s - 78 - 22 = -4*m. Suppose -2*l + q - 1 = 0, -l + 2*l = -5*q - s. Is (0 - l) + 462/3 composite?
False
Suppose -716 = -3*n + 1441. Is n a composite number?
False
Let q(j) be the first derivative of 95*j**4/12 - j**3/6 + 3*j**2 - 5. Let m(y) be the second derivative of q(y). Is m(2) prime?
True
Let w(l) be the first derivative of 925*l**2/2 - 3*l + 20. Suppose -8 = -2*g - 4*o, -2*g - 3*o = 3*g - 13. Is w(g) a prime number?
True
Let k be ((-2)/(-6))/(2/1758). Suppose 4*x = -k - 151. Let g = x + 224. Is g a prime number?
True
Let h = -38 + 66. Suppose -3*k - 2*g = -h, 4*k + 4*g - 49 = -g. Is k prime?
False
Let m(k) be the third derivative of 9*k**4/2 - k**3/2 + 5*k**2. Let g be m(3). Let j = -158 + g. Is j a composite number?
False
Let d = -675 + -3630. Let t = 10498 + d. Is t a composite number?
True
Suppose -v - 2*t - 346 = 0, -5*t - 1001 = 4*v + 389. Suppose 3*k = -76 - 275. Let a = k - v. Is a a composite number?
False
Suppose 2*d - 181 = -f + 2*f, -4*d - 5*f = -397. Let x = 178 - d. Is x a prime number?
False
Let i(g) = -g**3 + 12*g**2 + 4*g - 4*g + 13 - 12*g. Let z be i(11). Suppose r + 4*n - 447 = 0, 198 = -z*r - 4*n + 1088. Is r prime?
True
Suppose -x - 8 = -3*g, 0 = 4*g - 0*g + 8. Let w = x - -11. Let q = 7 + w. Is q a prime number?
False
Let m = -13 + 16. Suppose -s - c = -165, -2*s - 177 = -m*s - 4*c. Is s composite?
True
Is 0 + (-13329)/(-6) + 17/(-34) a composite number?
False
Let c(o) be the first derivative of 58*o**3/3 + 2*o**2 - 3*o - 1. Suppose 4*q = 4 + 12, 3*q - 4 = 4*j. Is c(j) prime?
False
Suppose 0 = -3*p - 2*i + 9993, i + 0*i - 9990 = -3*p. Is p a composite number?
False
Is -1 - 157998/(-57) - (-18)/171 composite?
True
Suppose 5*z + 9 = 24. Let w(j) = -2*j**2 + 5*j - 4. Let g be w(z). Is (-5 - g)/(4/254) composite?
False
Let h = 39 + -34. Suppose -12 = 4*v, -2*v + h*v = w - 104. Is w prime?
False
Let d = 7251 + -4682. Is d composite?
True
Suppose -2*u = -20*u + 347202. Is u prime?
True
Let m be 10/(-5)*10/4. Let w(u) = -u**3 + 8*u**2 + 2*u - 8. Is w(m) prime?
True
Let h(r) = r + 16. Let t be h(-12). Suppose -4*m - 2*k = -16, 3*m - 5 = t*k + 7. Suppose -a - m*a = -1535. Is a a prime number?
True
Let u(s) = 68*s**3 + 4*s**2 + 21*s - 91. Is u(6) a composite number?
False
Suppose 371 = -3*t - 2203. Let s = 1493 + t. Is s a composite number?
True
Let q be (-1)/(-1)*(3619 + 17). Let n = -1391 + q. Is n a prime number?
False
Suppose 0*m + 50*m - 493550 = 0. Is m a composite number?
False
Suppose 2*p - 10629 = -3*f + 6*p, f + 3*p - 3543 = 0. Is f/21 - 4/(-14) a composite number?
True
Suppose -15 = -3*s - 2*s. Let o = -220 - -226. Suppose 0 = 3*t - o*t - 4*x + 467, 0 = s*t - x - 472. Is t a composite number?
False
Is (10/(-5))/(1*8/(-1156)) a composite number?
True
Let y = 18816 - 11040. Let v = y + -3665. Is v a composite number?
False
Suppose 8*f = -624 - 768. Let z = f + 1097. Is z prime?
False
Let f(z) = -7*z - 2. Let x be f(-1). Suppose x*d = -w + 1030, 0*d + 1060 = w - d. Is w a prime number?
False
Let t = 473 - 853. Let m = -189 - t. Is m prime?
True
Let v be 6/33 + 4734/(-22). Let s = -95 - v. Suppose 5*j - 75 = s. Is j a composite number?
True
Let h(z) = 334*z**2 + 10*z - 3. Is h(7) a composite number?
False
Suppose -9*z - 224575 = -34*z. Is z prime?
False
Let a(s) = s**3 - 4*s**2 - 5*s + 6. Let x be a(5). Let y = -1120 + 1124. Suppose y*u = x*u - 668. Is u prime?
False
Let k be 753 - (10/5 + 1). Let z = k + 39. Is z a prime number?
False
Suppose 2*o = -5*b + 4114 + 1532, 3*b = 12. Is o a prime number?
False
Suppose -5*q - 5*l + 1822 + 1693 = 0, 0 = -q - 2*l + 707. Suppose -q = -5*u + 4*s, 0 = -3*u - 4*s - 0*s + 413. Is u composite?
False
Let v = -20 + 24. Suppose 2*h - v = 28. Suppose 4*a - h - 216 = 0. Is a a composite number?
True
Let g(u) = u**2 + 5*u + 5. Let f be g(-5). Is 37/f*10/(-4)*-6 composite?
True
Let m(r) = -7*r - 2. Let c be m(-1). Suppose 5*o = -4*l + 1, -c*o + 2*l = -0*o + 23. Is (-413)/o*(13 + -10) a prime number?
False
Let j = 3479 + 254. Let b = -936 + j. Is b a prime number?
True
Suppose 3*v - 5 - 10 = 0. Is ((-1)/1)/(v/(-415)) a prime number?
True
Let z(g) = -262*g**3 + 1. Let l be z(-1). Suppose 0 = -2*b + 3*c + 593, -b + 37 = -5*c - l. Is b prime?
False
Let b be (-1 + -2323 + 4)*9/(-6). Suppose -4*j - 6*o + o + 3471 = 0, -4*o - b = -4*j. Is j a prime number?
False
Let x be 4/14 - (226/7 - 2). Is ((-553)/(-4) + 1)/(x/(-120)) a composite number?
False
Let k(w) = w**3 + 26*w**2 + 10*w + 7. Let a be -5 + (-5 - -24)/(-1). Is k(a) composite?
False
Suppose -4*g - 6 = 2*r, 4*g = -r + 1 - 10. Is ((-949)/g)/(5/15) a prime number?
False
Let y = 35739 + -23416. Is y a composite number?
False
Suppose 0 = 6*w - 276 + 72. Let x = w + 55. Is x a prime number?
True
Suppose 17 - 11 = -y. Is 234 - (y/(-9))/((-6)/(-9)) composite?
False
Suppose 0 = 3*d + 35 + 100. Is d/(-18) - (-2517)/2 prime?
False
Is (-24366)/(-26) - 16/104 a prime number?
True
Let p = 16 - 8. Suppose 1410 = p*t - 1702. Is t a prime number?
True
Let h(x) = -366*x - 2. Let j be h(5). Let i = j - -8505. Is i prime?
True
Let w = -7106 - -17437. Is w prime?
True
Let y(f) = -f. Let t(s) = 100*s - 5. Let q(h) = -t(h) - 30*y(h). Let b(v) = -71*v + 5. Let u(n) = -3*b(n) + 4*q(n). Is u(-6) a composite number?
True
Suppose -2*p = t + 4, -4*p = t - 3*p + 7. Is 8814/15 + 6/t composite?
False
Is (0 + 4)*-1 + (-50 - -84317) composite?
False
Suppose -58*j = -14*j - 136972. Is j composite?
True
Let x be -3 - (6/(-2) - 3). Let m(d) = -d**3 + d**2 + 3*d - 2. Let k be m(x). Let p(w) = -w - 4. Is p(k) composite?
False
Let q be (-8)/(-2) - (-9 - -7 - -2293). Let b = 3456 + q. Is b a prime number?
False
Suppose 2565 = 10*a - 57245. Is a prime?
True
Let y(m) = 16 - m + 28 - 7. Is y(0) a composite number?
False
Suppose -377*o - 9413 = -378*o. Is o a composite number?
False
Suppose -y = h - 293, -2*y + 4*y - 572 = 5*h. Let w(q) = -q**2 + 4. Let a be w(0). Suppose 3*t - 804 = -3*n, y = n + a*t + 8. Is n composite?
False
Let q(z) be the second derivative of -z**4/12 - z**3 - z**2/2 - 5*z. Let i be q(-5). Suppose 3*c - 6*c - o = -139, -i*c + o = -183. Is c a prime number?
False
Let a be 3190/30 - 2/(-3). Is -3 + -2 + a + -5 composite?
False
Is (1972 - -1)/(104/(-16) - -7) prime?
False
Let v = -8538 + 14672. Is v prime?
False
Let m be 9*4/(-